 what is 10238 - 763?
b695
In base 15, what is -619 - d28a?
-d8a4
In base 14, what is -262c0b - -498?
-262753
In base 7, what is -14 - 11130445?
-11130462
In base 13, what is 396a4a + 1?
396a4b
In base 10, what is 87369922 + 0?
87369922
In base 9, what is -5184 + 21016?
14722
In base 15, what is -2 - -59cb86a?
59cb868
In base 14, what is -1972 - -75cb?
5a59
In base 5, what is 124 - -2134233324?
2134234003
In base 8, what is -127303270 - 13?
-127303303
In base 12, what is -3 + -657899?
-6578a0
In base 3, what is -10202222220221 + -12?
-10202222221010
In base 9, what is -3034 + -3786?
-6831
In base 13, what is -662ca + 6?
-662c4
In base 6, what is -52 + 52154153?
52154101
In base 9, what is -530 - -454148?
453518
In base 6, what is 3055051405 + -5?
3055051400
In base 16, what is -122834 - b?
-12283f
In base 8, what is 24007556 + 14?
24007572
In base 11, what is 2 - -119367642?
119367644
In base 5, what is -112043312210 + -3?
-112043312213
In base 16, what is -432995 + -f?
-4329a4
In base 12, what is -3 - 3273b3b0?
-3273b3b3
In base 4, what is -1202110132 - 1221?
-1202112013
In base 10, what is -1449785 + 2?
-1449783
In base 9, what is -658 - -30268?
28510
In base 16, what is -4 + -97a6c?
-97a70
In base 4, what is 123032 + 232323?
1022021
In base 12, what is -36a + 7351?
6ba3
In base 16, what is b15d4a0 - 1?
b15d49f
In base 11, what is -28865 - 1131?
-29996
In base 14, what is 9 + -cc1d1?
-cc1c6
In base 13, what is 4445a + 141?
4459b
In base 15, what is -1a + -1b3041?
-1b305b
In base 9, what is 5245 + 2841?
8186
In base 11, what is -4 - 722a4468?
-722a4471
In base 12, what is 18794 - -2536?
1b10a
In base 8, what is 0 - 5462361?
-5462361
In base 7, what is 1315302 + -145?
1315124
In base 7, what is 20154 + -102250?
-52063
In base 3, what is 222122102222002210 - -10?
222122102222002220
In base 5, what is 1143011330 - -4312?
1143021142
In base 6, what is -1 + 40154225?
40154224
In base 9, what is -81 + 8754257?
8754166
In base 3, what is -1021 - -1011120001002201?
1011120001001110
In base 6, what is 3 - 23122140350?
-23122140343
In base 14, what is 3893 + 430b?
7ba0
In base 14, what is 4 + -1d11676?
-1d11672
In base 3, what is -110120020 - 12221101?
-200111121
In base 16, what is c967bff - 3?
c967bfc
In base 11, what is -4 - -83380754?
83380750
In base 13, what is -4497 - -66?
-4431
In base 10, what is -370 - -400445?
400075
In base 2, what is -1000001110101100 - 1110001100110?
-1010000000010010
In base 16, what is 75f61c + -1?
75f61b
In base 6, what is 3014 - 412302?
-405244
In base 10, what is -24 - 4751188?
-4751212
In base 15, what is -4db - -19e39?
1994d
In base 14, what is 4483 - bd6?
368b
In base 14, what is 278 - 5c56b?
-5c2d3
In base 14, what is -56a3 - -1d7?
-54aa
In base 10, what is 18 - -5205918?
5205936
In base 6, what is -2520130 + 523?
-2515203
In base 3, what is -12 - 12020121001?
-12020121020
In base 13, what is 31c + 1477a?
14a99
In base 10, what is -121428 + -12?
-121440
In base 11, what is -1786 - 914?
-259a
In base 5, what is -1001042 - 42034?
-1043131
In base 6, what is -130 - 5122043?
-5122213
In base 12, what is -3193b9 - 4?
-319401
In base 3, what is -10 + 22222010112120?
22222010112110
In base 8, what is -256334 + -772?
-257326
In base 3, what is -21110122010 - 10210022?
-21121102102
In base 6, what is 3411 + -2215?
1152
In base 3, what is 200121221 - -22021?
200221012
In base 10, what is 117 - -170470?
170587
In base 13, what is 34c1ba1 - 0?
34c1ba1
In base 13, what is 9a50a1b + -1?
9a50a1a
In base 5, what is -22133 + 1122111?
1044423
In base 14, what is 4 + 94455?
94459
In base 5, what is -2121 + -13044244?
-13101420
In base 6, what is -15253 + 3153?
-12100
In base 8, what is -167062734 - 4?
-167062740
In base 5, what is -1011 - -130104124?
130103113
In base 4, what is -222211033 - -1001?
-222210032
In base 10, what is -2 - 12933234?
-12933236
In base 10, what is 2945889 + -4?
2945885
In base 4, what is 33223303102 + 2311?
33223312013
In base 14, what is -3 + -9a88a7?
-9a88aa
In base 16, what is 34961c47 + 1?
34961c48
In base 14, what is 3 + 3238b3?
3238b6
In base 4, what is 10 - 10221212011320?
-10221212011310
In base 5, what is 3121124 - 20?
3121104
In base 12, what is -a1 - -2579?
2498
In base 4, what is -1 + -10110003210110?
-10110003210111
In base 4, what is 3 - 101001211030?
-101001211021
In base 8, what is 352376774 + 3?
352376777
In base 10, what is 1234 + 654?
1888
In base 9, what is 14702 - -8068?
23771
In base 6, what is 140055 - -2413?
142512
In base 9, what is 1327 + -3016?
-1578
In base 14, what is -41237 - 114?
-4134b
In base 7, what is 1526526136 + -11?
1526526125
In base 6, what is -1553 + -232305?
-234302
In base 15, what is -6d2674 - 2?
-6d2676
In base 9, what is -7813132 - -35?
-7813086
In base 14, what is 13d5 + 10c8?
24bd
In base 13, what is -31a6 - 39580?
-3c756
In base 2, what is 110001010 + -10010001011011010?
-10010000101010000
In base 12, what is -a9 + -2859223?
-2859310
In base 16, what is -4 + -12b6321?
-12b6325
In base 14, what is -5 + -4a44414?
-4a44419
In base 16, what is 5 - -5fa05db?
5fa05e0
In base 9, what is 82 + 3015587?
3015680
In base 9, what is -21682236 - 21?
-21682257
In base 9, what is 21664012 + -28?
21663873
In base 2, what is -1010010010110101 + 110100001?
-1010001100010100
In base 16, what is 411c7a - -1a?
411c94
In base 5, what is -242033124332 - 3?
-242033124340
In base 4, what is -12210030 + 10001?
-12200023
In base 3, what is 10 - 122011211112122111?
-122011211112122101
In base 14, what is -1350 + -85?
-13d5
In base 16, what is 12 - -4881cf?
4881e1
In base 4, what is -212 - 10001133230?
-10001200102
In base 15, what is 12 - -72006?
72018
In base 2, what is 11001011000111 + -101100001110011?
-10010110101100
In base 10, what is 5 - 3778176?
-3778171
In base 5, what is 44002120011 - 2?
44002120004
In base 5, what is 4132 + -24121402?
-24112220
In base 14, what is -4 - -104abd2?
104abcc
In base 12, what is 18 + 3b8350b?
3b83527
In base 9, what is 38270818 - 5?
38270813
In base 5, what is 4 + -2121101?
-2121042
In base 6, what is -515 - -505223?
504304
In base 5, what is 4113103341011 + -10?
4113103341001
In base 8, what is 63476 + 20605?
104303
In base 16, what is 5ea6 + -13a?
5d6c
In base 12, what is 38 + 28a044?
28a080
In base 5, what is 10 - 2444020012?
-2444020002
In base 4, what is -12 + 230103133320?
230103133302
In base 14, what is -a + -1c51003?
-1c5100d
In base 14, what is 1622 - -1688?
2caa
In base 7, what is -4 + 110515123?
110515116
In base 4, what is -2002321002 + -1231?
-2002322233
In base 11, what is 72452 - 134?
72319
In base 13, what is 5a6a22 - 40?
5a69b2
In base 13, what is 205 - -2489?
2691
In base 10, what is 17803417 + -6?
17803411
In base 9, what is -5004182 - 2?
-5004184
In base 9, what is 8582 - -75774?
85466
In base 7, what is -114100 - -23126?
-60641
In base 10, what is -48 - -129015?
128967
In base 7, what is 2131 + -2306643?
-2304512
In base 3, what is 122012000212 + 10222?
122012011211
In base 15, what is -bd - 33e6a?
-34038
In base 9, what is 7581528363 - -4?
7581528367
In base 16, what is -398 + -4586?
-491e
In base 12, what is 4073 + -1b7?
3a78
In base 11, what is -3 + -42485a?
-424862
In base 4, what is -10 + -111313123111?
-111313123121
In base 3, what is 11021212 - -1010?
11022222
In base 4, what is -1 + -31002231010?
-31002231011
In base 8, what is 5 + -750607764?
-750607757
In base 12, what is -6 - -1377120?
1377116
In base 8, what is -200437533 + 0?
-200437533
In base 16, what is b98ff + -c0?
b983f
In base 12, what is 1 - 25820b5?
-25820b4
In base 10, what is -46227 + -516?
-46743
In base 4, what is 10320213 + 2031011?
13011230
In base 4, what is -1112201032 - -1020?
-1112200012
In base 5, what is 103 - -121223033?
121223141
In base 11, what is -a6 - -304a12?
304917
In base 15, what is 359 - 62c?
-2c3
In base 3, what is -2 - 2200110211221112?
-2200110211221121
In base 3, what is 12 - 221101011200212?
-221101011200200
In base 5, what is -34442 - 42302?
-132244
In base 15, what is 15 - 12097?
-12082
In base 9, what is -17 + -46143?
-46161
In base 9, what is 4708 - 7435?
-2626
In base 7, what is -122 - -610442?
610320
In base 12, what is -25b9 + -1815?
-4212
In base 2, what is -10 - -11001010111100111101011?
11001010111100111101001
In 